3 - 12*m**2 - 5*m - 19. Determine k(-5).
81
Let f(k) = -99*k - 58. What is f(-3)?
239
Let z(o) = -o**2 + 44*o + 13662. Determine z(-97).
-15
Let c(i) = -i**3 + 27*i**2 + 170*i + 10. Give c(-5).
-40
Let l(w) = 3*w**3 + 10*w**2 + 37*w + 104. Calculate l(-3).
2
Let p(o) = o**3 + 14*o**2 + 15*o - 96. Calculate p(-5).
54
Let f(i) = -2*i**2 - 173*i - 136. Calculate f(-86).
-50
Let d(y) = -y**3 + 9*y**2 + 8*y - 8. Calculate d(10).
-28
Let f(c) = -c**3 - 22*c**2 - 101*c - 847. Determine f(-19).
-11
Let i(l) = 199*l - 1564. What is i(8)?
28
Let l(u) = -5*u**2 - 1658*u + 5002. Calculate l(3).
-17
Let c(o) = -4866*o + 19488. Give c(4).
24
Let b(v) = 2*v**3 - 18*v**2 + 5*v - 58. Give b(9).
-13
Let f(q) = -3*q**3 - 32*q**2 + 15*q + 8. Calculate f(-11).
-36
Let n(h) = -h**3 - 23*h**2 - 8*h - 174. Determine n(-23).
10
Let v(w) = 424*w**2 + 17384*w + 13. Determine v(-41).
13
Let p(r) = -r**3 - 3*r + 10. Determine p(2).
-4
Let t(i) = -i**2 + 267*i + 31. Give t(0).
31
Let d(f) = 2*f**3 - 11*f**2 - 8*f + 31. Give d(6).
19
Let l(g) = -4*g**3 + 427*g**2 + 104*g + 301. What is l(107)?
-20
Let l(r) = r**3 - 6*r**2 - 60*r + 33. Calculate l(10).
-167
Let v(a) = -689*a - 17237. What is v(-25)?
-12
Let b(h) = 34*h + 596. Calculate b(-16).
52
Let w(h) = -41*h**3 - 6*h**2 - 4*h + 6. Determine w(1).
-45
Let a(h) = -h**3 + 87*h**2 - 333*h - 10. What is a(83)?
-93
Let k(z) = z**2 + z - 37. What is k(-10)?
53
Let i(j) = -j**2 - 14*j + 19. Give i(6).
-101
Let g(b) = -14*b**2 - 85*b + 88. Calculate g(-7).
-3
Let p(d) = -2*d**2 + 81*d - 2. Calculate p(51).
-1073
Let z(a) = -204*a**2 + 8*a - 8. What is z(1)?
-204
Let j(y) = -y**3 - 11*y**2 - 94*y - 321. Determine j(-5).
-1
Let i(t) = 4*t**2 + 26*t + 7. Give i(-6).
-5
Let z(g) = -2*g**2 - 276*g + 3936. Give z(-151).
10
Let g(y) = -y**2 - 18*y - 85. Calculate g(-21).
-148
Let x(o) = 1625*o - 16251. Calculate x(10).
-1
Let j(u) = -121*u + 3873. Give j(32).
1
Let y(g) = -93*g + 2399. Calculate y(25).
74
Let a(u) = -3292*u + 3290. Determine a(1).
-2
Let i(u) = 4*u**3 - 25*u**2 + 11*u + 6. What is i(6)?
36
Let r(g) = g**3 - 19*g**2 - 51*g - 8. Give r(-2).
10
Let f(j) = 11872*j - 35591. Give f(3).
25
Let m(p) = -p**3 + 39*p**2 - 134*p - 379. What is m(35)?
-169
Let r(f) = 2*f**3 - 4*f**2 - 8*f + 6. Determine r(-2).
-10
Let f(v) = 160*v + 3808. What is f(-25)?
-192
Let u(q) = 5*q**2 + 591*q + 4063. Determine u(-7).
171
Let x(y) = 185*y - 1314. Give x(7).
-19
Let z(n) = -n**3 + 40*n**2 - 389*n + 75. Calculate z(16).
-5
Let h(o) = 41*o**2 - 49*o + 100. Give h(3).
322
Let b(v) = v**2 + 37*v - 113. Determine b(-42).
97
Let z(v) = -3432*v - 48035. Give z(-14).
13
Let a(l) = -l**3 - 2*l**2 + 67*l - 184. Give a(5).
-24
Let s(z) = 234*z - 1421. What is s(6)?
-17
Let r(p) = p**3 - 117*p**2 + 174*p - 6726. What is r(116)?
2
Let y(m) = -41*m + 725. Give y(16).
69
Let s(i) = -4818*i - 4. Calculate s(0).
-4
Let r(q) = -q**3 + 20*q**2 - 17*q - 20. What is r(19)?
18
Let i(j) = -1595*j - 207341. What is i(-130)?
9
Let i(y) = -y**3 + 3*y**2 + 3*y + 7. Determine i(6).
-83
Let s(v) = -v**3 - v**2 + 15*v - 16. Give s(-5).
9
Let v(l) = 2*l**2 - 264*l + 1780. Give v(125).
30
Let c(g) = -46*g**2 + 172*g + 32. Determine c(4).
-16
Let n(v) = -2*v**2 - 505*v + 2313. Calculate n(-257).
0
Let y(o) = 118*o + 2950. Give y(-25).
0
Let j(o) = -24*o**3 + 4*o**2 - 3*o + 1. Give j(1).
-22
Let z(t) = 2*t**2 + 114*t - 115. Give z(1).
1
Let q(o) = 20*o + 14. Calculate q(-12).
-226
Let y(i) = -5*i**3 - 63*i**2 + 27*i + 20. What is y(-13)?
7
Let h(o) = -456*o - 4517. What is h(-10)?
43
Let g(a) = 176*a - 2449. Determine g(14).
15
Let p(s) = 59*s - 2598. Determine p(44).
-2
Let q(v) = -v**2 - 50*v + 161. Calculate q(-48).
257
Let f(p) = -p**3 - 22*p**2 + 79*p + 80. Calculate f(-25).
-20
Let f(z) = -z**2 + 14*z + 179. Calculate f(22).
3
Let i(z) = -z - 466. Determine i(-40).
-426
Let m(b) = 4*b**2 + 66*b - 1374. Give m(12).
-6
Let y(c) = 51*c - 1910. Calculate y(37).
-23
Let t(y) = -3*y**3 + 101*y**2 - 61*y - 142. What is t(33)?
23
Let x(y) = 2*y**3 - 26*y**2 - 22*y - 39. Give x(14).
45
Let d(b) = 7*b**2 + 30*b - 57. Determine d(2).
31
Let x(g) = 219*g + 1742. What is x(-8)?
-10
Let c(x) = -27*x**3 + 3*x**2 + 2*x - 2. Give c(-1).
26
Let n(b) = 95*b - 202. What is n(2)?
-12
Let g(y) = 15*y**2 - 1378*y - 96. Determine g(92).
88
Let j(a) = 29*a + 10. Calculate j(-15).
-425
Let a(z) = -13*z**2 + 1031*z - 221. Give a(79).
95
Let h(i) = -i**3 - 33*i**2 - 111*i + 119. Give h(-29).
-26
Let v(d) = d**2 + 25*d + 56. Give v(-3).
-10
Let u(s) = -540*s - 10804. Calculate u(-20).
-4
Let b(t) = t**3 - 37*t**2 + 100*t + 116. Determine b(34).
48
Let s(t) = t**3 + 17*t**2 - 48*t - 790. Give s(-17).
26
Let o(f) = -27*f - 259. Give o(-9).
-16
Let a(y) = -51*y + 2234. Calculate a(43).
41
Let m(u) = 85*u - 756. Calculate m(9).
9
Let g(a) = 18*a + 497. What is g(-18)?
173
Let g(f) = 2*f**3 - 41*f**2 - 69*f - 40. Give g(22).
-106
Let w(l) = 96*l - 1120. What is w(11)?
-64
Let v(s) = -2*s**3 - 20*s**2 + 6*s - 6. Give v(-12).
498
Let m(p) = 25*p - 72. Calculate m(0).
-72
Let u(x) = -17*x + 62. Give u(17).
-227
Let q(t) = -t**2 + 32*t + 582. Calculate q(45).
-3
Let n(f) = -f**3 - 37*f**2 - 287*f - 9. Determine n(-26).
17
Let x(o) = 11*o + 698. Determine x(-71).
-83
Let x(a) = 10*a**3 + 8*a**2 + 18*a + 11. Give x(-1).
-9
Let v(q) = -2*q**3 + 25*q**2 + 30*q + 16. Determine v(13).
237
Let k(s) = 31*s**2 + 3*s + 9. Calculate k(2).
139
Let n(x) = -x**3 - 4*x**2 - 21*x - 44. Determine n(-2).
-10
Let k(d) = -422*d + 139. Determine k(0).
139
Let q(i) = 3*i**2 - 758*i + 495. Give q(252).
-9
Let i(g) = -864*g + 40613. Calculate i(47).
5
Let a(k) = -k**3 - 299*k**2 + 905*k - 296. Determine a(-302).
6
Let o(i) = 425*i + 30592. Give o(-72).
-8
Let a(d) = 3*d**2 - 66*d + 348. Determine a(5).
93
Let l(a) = a**2 + 31*a + 168. What is l(-7)?
0
Let a(t) = -t**3 - 9*t**2 + 19*t + 1. What is a(-9)?
-170
Let y(p) = p**2 + 28*p + 13. Calculate y(-23).
-102
Let g(u) = 32*u - 157. What is g(4)?
-29
Let y(l) = l**3 + 37*l**2 + 154*l - 3. Determine y(-6).
189
Let b(y) = y**3 - 7*y**2 - 296*y + 2279. Determine b(8).
-25
Let d(n) = 56*n + 2699. Give d(-48).
11
Let b(y) = 6*y**3 + 6*y**2 + 11*y + 4. Give b(-3).
-137
Let v(d) = 2512*d - 25125. What is v(10)?
-5
Let l(c) = -233*c**2 - 471*c + 4. Calculate l(-2).
14
Let c(s) = 2*s**3 - 14*s**2 - 7*s + 29. What is c(7)?
-20
Let p(s) = -2*s**3 + 3*s**2 - 6*s - 10. Determine p(-3).
89
Let j(l) = 10*l + 411. Determine j(-57).
-159
Let t(f) = 2*f**3 - 814*f**2 + 798*f + 5690. Give t(406).
6
Let g(o) = 349*o + 697. Give g(-2).
-1
Let y(b) = 195*b**2 - 16964*b - 54. Give y(87).
33
Let i(s) = -s**2 + 31*s - 117. What is i(19)?
111
Let z(r) = 104*r**2 - 956*r + 32. Determine z(9).
-148
Let k(i) = i**3 + 18*i**2 - 882*i - 73. Determine k(-40).
7
Let o(j) = 492*j - 14269. Give o(29).
-1
Let s(p) = 14721*p - 103042. What is s(7)?
5
Let q(f) = 471*f - 26. Determine q(0).
-26
Let n(m) = m**2 + 9*m + 35. What is n(-9)?
35
Let a(p) = -p**2 + 99*p - 532. Calculate a(6).
26
Let b(m) = 463*m + 1383. Give b(-3).
-6
Let w(u) = -u**2 + 71*u + 2642. Determine w(98).
-4
Let n(s) = -2*s**2 - 22*s - 59. Calculate n(-4).
-3
Let b(n) = 27*n + 692. Calculate b(-25).
17
Let i(o) = 64*o - 217. Calculate i(5).
103
Let y(f) = -2*f**3 - 17*f**2 - 27*f + 20. What is y(-4)?
-16
Let l(x) = -2*x**2 + 69*x - 539. Determine l(13).
20
Let g(v) = -42*v - 152. Determine g(-3).
-26
Let a(w) = -w**3 - 9*w**2 + 66*w - 2. Determine a(6).
-146
Let i(o) = o**3 - 3*o**2 - 7*o - 2. Give i(5).
13
Let m(o) = -24*o + 1086. What is m(45)?
6
Let l(x) = -x**3 - 22*x**2 - 19*x + 23. Give l(-21).
-19
Let a(k) = -4*k - 201. Calculate a(-53).
11
Let v(u) = -3*u**2 + 23*u + 26. What is v(8)?
18
Let n(l) = 61*l - 179. Calculate n(3).
4
Let r(q) = -2*q**3 - 22*q**2 - 5*q - 324. Give r(-12).
24
Let b(c) = -3*c**2 + 59*c - 96. Give b(13).
164
Let y(r) = r**2 - 293*r + 3903. Give y(14).
-3
Let t(v) = 871*v + 2543. Determine t(-3).
-70
Let x(v) = v**3 - 17*v**2 - 33*v + 261. Determine x(18).
-9
Let h(o) = o**3 + 30*o**2 + 3*o + 84. What is h(-30)?
-6
Let n(k) = -30*k**2 + 94*k - 11. Calculate n(3).
1
Let c(w) = 77*w + 49. Calculate c(-5).
-336
Let m(d) = -49*d + 511. What is m(12)?
-77
Let l(t) = t**3 + 60*t**2 - 990*t - 56674. What is l(-61)?
-5
L